ulate the greatest common factor of v and 312.
104
Suppose -2*a - 4*u + 94 = 0, 0 = -2*a - 5*u + 32 + 63. What is the highest common factor of a and 10485?
45
Let z = 65 + -20. Suppose 2*s + 5*k = 438, 8*s - 217 = 7*s - 3*k. Suppose -23 - s = -14*p. What is the greatest common factor of p and z?
9
Let j = 7323 - 7290. What is the greatest common divisor of j and 9768?
33
Suppose 0 = 36*f - 11*f - 150. Calculate the highest common divisor of 1158 and f.
6
Let j = -161 - -162. Let v be 34/j + 2 - (-10 - -6). Let t(y) = 359*y**2 + y. Let w be t(1). Calculate the greatest common divisor of w and v.
40
Let u = -2198 - -3654. Calculate the greatest common factor of u and 65.
13
Let p be -6 - ((-15)/5 + 2). Let g = p + 61. Let k(v) = -83*v + 1. Let f be k(-1). Calculate the greatest common divisor of f and g.
28
Suppose 515 = x - 4*h, x - 6*x = 2*h - 2663. Let g = -4969 + 5028. Calculate the highest common divisor of x and g.
59
Let f be -6 - 1 - 15/(-5) - -91. Let j(g) = g**3 - 14*g**2 + 15*g - 23. Let y be j(13). What is the highest common factor of y and f?
3
Let s = -49 - -55. Suppose -s*f - 2*f + 16 = 0. Let k(z) = z + 7. Let o be k(f). What is the highest common factor of o and 12?
3
Suppose -2*j - 13 = -5*g, -2*g - 5 + 9 = -2*j. Let s be 18/(2 + -1 + 1) + j. Suppose 50 = 2*z - 0*z. Calculate the highest common divisor of z and s.
5
Suppose -366 = -2*d + d - 4*q, 4*d - 1442 = -5*q. Suppose -5*r + 5 = 0, -2*r + d = 4*w - 0*r. Let f = w + -78. Calculate the greatest common factor of 44 and f.
11
Let j = -135 + 143. Suppose 4*p - 4*u = 76, -j*p + 3*p = -u - 75. Calculate the greatest common divisor of 112 and p.
14
Suppose -7*d + 6 = -71. Suppose -d*z + 4*z = -56. Suppose -2*h - h = -96. Calculate the highest common factor of h and z.
8
Let c be 15*(81/90)/(15/4120). What is the greatest common factor of c and 72?
36
Let a be (-210)/27 + 8 - 10/(-180)*2084. Calculate the greatest common divisor of 3973 and a.
29
Let p = 22618 - 20214. Calculate the greatest common divisor of 32 and p.
4
Suppose 65 = -3*c - b, 3*c - b + 15 = 2*c. Let x be ((-70)/(-42))/(c/(-1368)). What is the greatest common divisor of x and 76?
38
Suppose 7847 = -62*n + 69*n. What is the greatest common divisor of 236 and n?
59
Let g be (-22 - -22)/((-3)/3). Suppose j + 4*l = 7*l + 12, g = -4*j - 5*l - 3. What is the greatest common divisor of j and 333?
3
Let b be 3 - (-6)/(18/15). Suppose 0 = 4*h - b*h + 4. Let l be -4 + 2 + 21 + h. What is the highest common divisor of l and 5?
5
Suppose 2842*q - 2839*q = -12. Let j be (4 + 51 - 1)*(q + 5). Suppose 5*x - 3*x = 144. Calculate the highest common factor of x and j.
18
Suppose -2*p = 5*h - 1923 + 1373, -4*p = 5*h - 1100. Let m be (3/(-6))/(1/(-50)). Calculate the greatest common divisor of p and m.
25
Suppose d - 4*y = -3*d + 44, -9 = -d + 3*y. Suppose d = 2*f + u, 25 = -f + 6*f + 5*u. What is the highest common divisor of 5 and f?
1
Let h(u) = 47*u**2 - 3*u - 1. Let b be h(-1). Suppose 625 - b = 36*x. What is the highest common factor of 6 and x?
2
Let y(d) = 22*d**2 + 92*d - 402. Let s be y(5). What is the greatest common divisor of s and 928?
32
Let z be (-2)/(10/(-8)*(-1 - 168/(-165))). Suppose -3*g + l + 91 = 0, 5*g + 2*l = -3*l + 185. Calculate the highest common factor of z and g.
8
Suppose -2*f = -2*p - 7762, 125*f = 121*f - 5*p + 15569. Calculate the greatest common divisor of 116 and f.
58
Let b = 117 - 114. Suppose 0 = -3*p + 18 - b. Suppose -32 = -p*h - 7. Calculate the greatest common divisor of 70 and h.
5
Suppose 228 = 3*l - 3*h, 0 = 2*l - 3*l + 2*h + 71. What is the greatest common factor of l and 1143?
9
Let j(n) = 20*n + 74 + 24 + 6*n - 8. Let h be j(0). Let y = 119 - 83. Calculate the highest common factor of y and h.
18
Let o = 95 + -75. Suppose 3*r = 4*r - 90. What is the highest common factor of o and r?
10
Let v be -3*(-2)/4 - (-822)/12. Suppose -f = 2*k - 2525, k - 4*f - 1299 = -59. Calculate the greatest common divisor of k and v.
70
Let t be 11 - (-22 - (-6 - 9)). What is the highest common factor of t and 1233?
9
Suppose -12*c + 142 = -86. Suppose c*z - 22*z - 27 = -k, -5*z - 50 = -2*k. Calculate the greatest common factor of 1095 and k.
15
Suppose p - 3*p + 1008 = 4*p. Calculate the highest common divisor of 609 and p.
21
Let x = 1085 + -1080. Calculate the highest common factor of 1765 and x.
5
Suppose -1437 = -32*f - 157. What is the greatest common divisor of f and 296?
8
Suppose -67*d - 280*d + 34700 = 0. Let c(x) = -124*x**3 + 1. Let q be c(-1). Calculate the greatest common divisor of d and q.
25
Let k be (-1 - 6) + (-3154655)/(-521). What is the highest common factor of 64 and k?
32
Let h be -3 - (3 - (-42)/(-7)). Suppose h*p - 2*p + 136 = 2*s, -2*p + 124 = 5*s. What is the highest common divisor of p and 9?
9
Let h = 1129 - 315. Calculate the highest common divisor of h and 66.
22
Suppose -91883 + 882542 + 2861655 = 183*l. What is the highest common divisor of 34 and l?
34
Suppose 3*t + 3*w - 16884 = 0, -32*t + 35*t + w = 16878. Calculate the highest common factor of 45 and t.
45
Let t(q) = q**3 + 45*q**2 - 58*q - 464. Let k be t(-46). What is the greatest common divisor of 2772 and k?
44
Let h be 8/(-2)*267/(-6). Let p = 226 - h. Calculate the greatest common factor of p and 552.
24
Let t(s) = -5*s**2 - 24*s + 6. Let m be t(-5). Let k be m*(2 + -8 - (1 + -260)). Calculate the highest common divisor of k and 46.
23
Let n = -27012 + 27747. What is the highest common divisor of n and 336?
21
Let g(c) = -13*c**3 - 23 - 2*c + 6 - 7*c**2 + 12*c**3. Let r be g(-8). Calculate the highest common divisor of r and 9.
9
Let i = 189 - 199. Let b be ((-24)/i)/(66/880). Calculate the highest common divisor of 8 and b.
8
Let p = 24 - 19. Let a be ((-3)/p)/((-7)/105). Let o be a/(9/(-2)) + 18. Calculate the greatest common divisor of 16 and o.
16
Let b(r) = r**3 + 10*r**2 + 11*r - 2. Let q be b(-9). Let k = 27 + q. Suppose z + 0 - k = 0. Calculate the highest common divisor of 1 and z.
1
Let i = 90 - 86. Suppose -10*v + 728 = i*v. Let k = 43 + -30. Calculate the highest common factor of v and k.
13
Suppose 0 = 11*h - 235 - 469. Let u = h + -44. Suppose -38 = -w + t, u = -8*t + 3*t. What is the highest common factor of w and 272?
34
Suppose -4*w = v - 386, 2*w - 106*v - 184 = -102*v. Let z = 4 + -2. Suppose 24 = z*u - 0*u. Calculate the greatest common divisor of u and w.
12
Suppose -n = -655 + 635. Suppose -n = -5*u, 25*j = 21*j - 2*u + 88. What is the highest common factor of j and 10?
10
Let j(k) = 21*k**3 + 4*k**2 - 50*k + 115. Let a be j(3). Calculate the greatest common factor of 64 and a.
8
Let h = 134 + -130. Suppose -5*w - h = 4*y - 337, -y + 82 = w. What is the greatest common factor of y and 55?
11
Let k = 7953 + 477. What is the highest common factor of k and 30?
30
Suppose 10*h = 4662 + 12498. What is the highest common divisor of h and 624?
156
Let w = -1266 - -1282. Suppose 2*v = -2*p + 34, -2*v = p + 8 - 45. What is the greatest common factor of v and w?
4
Suppose 4*s - s = 60. Let i be 4/(s/(-8) - -3). Let m = -72 + 136. Calculate the highest common divisor of m and i.
8
Let x be 460/115*2/4. Suppose x*k = -3*f + 119, -4*k + 4*f + 332 = k. What is the highest common factor of k and 24?
8
Let t = -14947 + 14979. Let g be 975/4 - (-1)/4. Suppose 2*y - 5*y = -q + 77, -3*q = 4*y - g. Calculate the highest common divisor of t and q.
16
Suppose -i - 182 = -18*i + 277. Calculate the highest common factor of 81 and i.
27
Let m(b) = 37*b + 2. Let a be m(2). Let n(p) = 5*p - 65. Let s be n(-8). Let r be 12*4 + (s - -95). Calculate the greatest common divisor of a and r.
38
Let x(d) = -4*d**2 + 113*d + 34. Let q be x(19). Calculate the greatest common divisor of 335 and q.
67
Let g be (-2)/4*(-94 + 2). Let y(u) = 2*u**2 - 53*u + 49. Let f be y(27). Let q = f - -108. What is the highest common factor of g and q?
46
Let o = 3981 - -298. Calculate the highest common divisor of o and 44.
11
Let q = 865 + -513. Suppose 157*m + 372 = 3*k + 159*m, -2*k - 3*m + 228 = 0. Calculate the highest common factor of q and k.
44
Suppose -j + 24 = -r - 3*r, 4*r = -16. Let a be 80/(-16) - j*-1. What is the greatest common divisor of a and 1?
1
Suppose 2*w = -141*p + 138*p + 217, 3*p - 192 = 3*w. Calculate the highest co